{"id":21,"date":"2022-03-23T16:04:01","date_gmt":"2022-03-23T16:04:01","guid":{"rendered":"https:\/\/muehlenhof-stegen.de\/?page_id=21"},"modified":"2023-01-15T12:05:06","modified_gmt":"2023-01-15T12:05:06","slug":"jahreszeiten","status":"publish","type":"page","link":"https:\/\/muehlenhof-stegen.de\/?page_id=21","title":{"rendered":"Jahreszeiten"},"content":{"rendered":"<h3><\/h3>\n<h3 style=\"text-align: center;\"><em>Ein Aufenthalt auf unserem M\u00fchlenhof ist immer ein Erlebnis!<\/em><\/h3>\n<p><img loading=\"lazy\" decoding=\"async\" class=\"size-full wp-image-193 aligncenter\" src=\"https:\/\/muehlenhof-stegen.de\/wp-content\/uploads\/2022\/03\/Luhe-im-Winter.jpg\" alt=\"\" width=\"250\" height=\"167\" \/><\/p>\n<p style=\"text-align: center;\">Jede Jahreszeit bietet etwas Neues: Schneeballschlachten, Osterfeuer, bl\u00fchende Kastanienb\u00e4ume, Baden in der Luhe, bl\u00fchende Heidefl\u00e4chen, Spazierg\u00e4nge im Herbst durch die bunten W\u00e4lder&#8230;<\/p>\n<p style=\"padding-left: 40px;\"><img loading=\"lazy\" decoding=\"async\" class=\"size-full wp-image-194 alignleft\" src=\"https:\/\/muehlenhof-stegen.de\/wp-content\/uploads\/2022\/03\/Osterfeuer.jpg\" alt=\"\" width=\"250\" height=\"167\" \/> <img loading=\"lazy\" decoding=\"async\" class=\"size-full wp-image-197 alignleft\" src=\"https:\/\/muehlenhof-stegen.de\/wp-content\/uploads\/2022\/03\/Spielplatz-mit-Kastanien.jpg\" alt=\"\" width=\"250\" height=\"167\" \/><\/p>\n<p>&nbsp;<\/p>\n<p>&nbsp;<\/p>\n<p>&nbsp;<\/p>\n<p>&nbsp;<\/p>\n<p>&nbsp;<\/p>\n<p style=\"padding-left: 40px;\"><img loading=\"lazy\" decoding=\"async\" class=\"size-full wp-image-196 alignleft\" src=\"https:\/\/muehlenhof-stegen.de\/wp-content\/uploads\/2022\/03\/Schwimmer.jpg\" alt=\"\" width=\"250\" height=\"167\" \/><\/p>\n","protected":false},"excerpt":{"rendered":"<p>Ein Aufenthalt auf unserem M\u00fchlenhof ist immer ein Erlebnis! Jede Jahreszeit bietet etwas Neues: Schneeballschlachten, Osterfeuer, bl\u00fchende Kastanienb\u00e4ume, Baden in der Luhe, bl\u00fchende Heidefl\u00e4chen, Spazierg\u00e4nge im Herbst durch die bunten W\u00e4lder&#8230; &nbsp; &nbsp; &nbsp; &nbsp; &nbsp;<\/p>\n","protected":false},"author":2,"featured_media":0,"parent":0,"menu_order":0,"comment_status":"closed","ping_status":"closed","template":"","meta":{"footnotes":""},"class_list":["post-21","page","type-page","status-publish","hentry"],"_links":{"self":[{"href":"https:\/\/muehlenhof-stegen.de\/index.php?rest_route=\/wp\/v2\/pages\/21","targetHints":{"allow":["GET"]}}],"collection":[{"href":"https:\/\/muehlenhof-stegen.de\/index.php?rest_route=\/wp\/v2\/pages"}],"about":[{"href":"https:\/\/muehlenhof-stegen.de\/index.php?rest_route=\/wp\/v2\/types\/page"}],"author":[{"embeddable":true,"href":"https:\/\/muehlenhof-stegen.de\/index.php?rest_route=\/wp\/v2\/users\/2"}],"replies":[{"embeddable":true,"href":"https:\/\/muehlenhof-stegen.de\/index.php?rest_route=%2Fwp%2Fv2%2Fcomments&post=21"}],"version-history":[{"count":9,"href":"https:\/\/muehlenhof-stegen.de\/index.php?rest_route=\/wp\/v2\/pages\/21\/revisions"}],"predecessor-version":[{"id":652,"href":"https:\/\/muehlenhof-stegen.de\/index.php?rest_route=\/wp\/v2\/pages\/21\/revisions\/652"}],"wp:attachment":[{"href":"https:\/\/muehlenhof-stegen.de\/index.php?rest_route=%2Fwp%2Fv2%2Fmedia&parent=21"}],"curies":[{"name":"wp","href":"https:\/\/api.w.org\/{rel}","templated":true}]}}

<h3></h3>
<h3 style="text-align: center;"><em>Ein Aufenthalt auf unserem Mühlenhof ist immer ein Erlebnis!</em></h3>
<p><img loading="lazy" decoding="async" class="size-full wp-image-193 aligncenter" src="https://muehlenhof-stegen.de/wp-content/uploads/2022/03/Luhe-im-Winter.jpg" alt="" width="250" height="167" /></p>
<p style="text-align: center;">Jede Jahreszeit bietet etwas Neues: Schneeballschlachten, Osterfeuer, blühende Kastanienbäume, Baden in der Luhe, blühende Heideflächen, Spaziergänge im Herbst durch die bunten Wälder&#8230;</p>
<p style="padding-left: 40px;"><img loading="lazy" decoding="async" class="size-full wp-image-194 alignleft" src="https://muehlenhof-stegen.de/wp-content/uploads/2022/03/Osterfeuer.jpg" alt="" width="250" height="167" /> <img loading="lazy" decoding="async" class="size-full wp-image-197 alignleft" src="https://muehlenhof-stegen.de/wp-content/uploads/2022/03/Spielplatz-mit-Kastanien.jpg" alt="" width="250" height="167" /></p>
<p>&nbsp;</p>
<p>&nbsp;</p>
<p>&nbsp;</p>
<p>&nbsp;</p>
<p>&nbsp;</p>
<p style="padding-left: 40px;"><img loading="lazy" decoding="async" class="size-full wp-image-196 alignleft" src="https://muehlenhof-stegen.de/wp-content/uploads/2022/03/Schwimmer.jpg" alt="" width="250" height="167" /></p>

<p>Ein Aufenthalt auf unserem Mühlenhof ist immer ein Erlebnis! Jede Jahreszeit bietet etwas Neues: Schneeballschlachten, Osterfeuer, blühende Kastanienbäume, Baden in der Luhe, blühende Heideflächen, Spaziergänge im Herbst durch die bunten Wälder&#8230; &nbsp; &nbsp; &nbsp; &nbsp; &nbsp;</p>
