{"id":29,"date":"2022-03-23T16:04:01","date_gmt":"2022-03-23T16:04:01","guid":{"rendered":"https:\/\/muehlenhof-stegen.de\/?page_id=29"},"modified":"2026-02-15T08:52:47","modified_gmt":"2026-02-15T08:52:47","slug":"impressum","status":"publish","type":"page","link":"https:\/\/muehlenhof-stegen.de\/?page_id=29","title":{"rendered":"Impressum"},"content":{"rendered":"<p style=\"text-align: center;\"><em>\u00a0\u00a0\u00a0\u00a0 Domaininhaber und verantwortlich f\u00fcr den Inhalt:\u00a0\u00a0\u00a0 <\/em><\/p>\n<p style=\"text-align: center;\"><em>Michael und Ulrike Stegen<\/em><\/p>\n<p style=\"text-align: center;\"><em>Firma:<\/em><\/p>\n<p style=\"text-align: center;\"><em>M\u00fchlenhof Wohlenb\u00fcttel<\/em><\/p>\n<p style=\"text-align: center;\"><em>Adresse:<\/em><\/p>\n<p style=\"text-align: center;\"><em>OT Wohlenb\u00fcttel Nr. 2<\/em><br \/>\n<em>21385 Oldendorf\/Luhe<\/em><\/p>\n<p style=\"text-align: center;\"><em>Kontakt:<\/em><\/p>\n<p style=\"text-align: center;\"><em>Tel. (0 41 32) 84 14<\/em><br \/>\n<em>0162-1032058<\/em><\/p>\n<p style=\"text-align: center;\"><em>E-Mail:<\/em><\/p>\n<p style=\"text-align: center;\"><em>buchung@muehlenhof-stegen.de<\/em><\/p>\n<p style=\"text-align: center;\"><em>Steuernummer: 33\/242\/08760<\/em><\/p>\n","protected":false},"excerpt":{"rendered":"<p>\u00a0\u00a0\u00a0\u00a0 Domaininhaber und verantwortlich f\u00fcr den Inhalt:\u00a0\u00a0\u00a0 Michael und Ulrike Stegen Firma: M\u00fchlenhof Wohlenb\u00fcttel Adresse: OT Wohlenb\u00fcttel Nr. 2 21385 Oldendorf\/Luhe Kontakt: Tel. (0 41 32) 84 14 0162-1032058 E-Mail: buchung@muehlenhof-stegen.de Steuernummer: 33\/242\/08760<\/p>\n","protected":false},"author":2,"featured_media":0,"parent":0,"menu_order":0,"comment_status":"closed","ping_status":"closed","template":"","meta":{"footnotes":""},"class_list":["post-29","page","type-page","status-publish","hentry"],"_links":{"self":[{"href":"https:\/\/muehlenhof-stegen.de\/index.php?rest_route=\/wp\/v2\/pages\/29","targetHints":{"allow":["GET"]}}],"collection":[{"href":"https:\/\/muehlenhof-stegen.de\/index.php?rest_route=\/wp\/v2\/pages"}],"about":[{"href":"https:\/\/muehlenhof-stegen.de\/index.php?rest_route=\/wp\/v2\/types\/page"}],"author":[{"embeddable":true,"href":"https:\/\/muehlenhof-stegen.de\/index.php?rest_route=\/wp\/v2\/users\/2"}],"replies":[{"embeddable":true,"href":"https:\/\/muehlenhof-stegen.de\/index.php?rest_route=%2Fwp%2Fv2%2Fcomments&post=29"}],"version-history":[{"count":7,"href":"https:\/\/muehlenhof-stegen.de\/index.php?rest_route=\/wp\/v2\/pages\/29\/revisions"}],"predecessor-version":[{"id":739,"href":"https:\/\/muehlenhof-stegen.de\/index.php?rest_route=\/wp\/v2\/pages\/29\/revisions\/739"}],"wp:attachment":[{"href":"https:\/\/muehlenhof-stegen.de\/index.php?rest_route=%2Fwp%2Fv2%2Fmedia&parent=29"}],"curies":[{"name":"wp","href":"https:\/\/api.w.org\/{rel}","templated":true}]}}